{"id":29,"date":"2019-07-27T12:49:05","date_gmt":"2019-07-27T12:49:05","guid":{"rendered":"https:\/\/bn-nails.ch\/?page_id=29"},"modified":"2025-02-01T09:08:43","modified_gmt":"2025-02-01T09:08:43","slug":"impressum","status":"publish","type":"page","link":"https:\/\/bn-nails.ch\/?page_id=29","title":{"rendered":"Impressum"},"content":{"rendered":"\n<p>\n\nF\u00fcr den Inhalt von verlinkten externen Seiten k\u00f6nnen wir keine Verantwortung \u00fcbernehmen. Sollten wir davon Kenntnis erhalten, dass die Inhalte gegen geltendes Recht verstossen, werden wir diese Links sofort entfernen.<br>Alle Eingabetexte wurden sorgf\u00e4ltig gepr\u00fcft und werden laufend aktualisiert. Eine Garantie f\u00fcr Vollst\u00e4ndigkeit, Richtigkeit und Aktualit\u00e4t kann nicht \u00fcbernommen werden.\n\n<\/p>\n\n\n\n<p>BN Kosmetikinstitut<br>Belinda Staub<br>Hauptstrasse 33<br>8467 Truttikon<br>079 912 90 31<br><a href=\"mailto:info@bn-nails.ch\">info@bn-nails.ch<\/a><\/p>\n\n\n\n<p><\/p>\n","protected":false},"excerpt":{"rendered":"<p>F\u00fcr den Inhalt von verlinkten externen Seiten k\u00f6nnen wir keine Verantwortung \u00fcbernehmen. Sollten wir davon Kenntnis erhalten, dass die Inhalte gegen geltendes Recht verstossen, werden wir diese Links sofort entfernen.Alle Eingabetexte wurden sorgf\u00e4ltig gepr\u00fcft und werden laufend aktualisiert. Eine Garantie f\u00fcr Vollst\u00e4ndigkeit, Richtigkeit und Aktualit\u00e4t kann nicht \u00fcbernommen werden. BN KosmetikinstitutBelinda StaubHauptstrasse 338467 Truttikon079 912&nbsp;&hellip;<\/p>\n","protected":false},"author":1,"featured_media":0,"parent":0,"menu_order":0,"comment_status":"closed","ping_status":"closed","template":"","meta":{"ngg_post_thumbnail":0,"footnotes":""},"class_list":["post-29","page","type-page","status-publish","hentry"],"_links":{"self":[{"href":"https:\/\/bn-nails.ch\/index.php?rest_route=\/wp\/v2\/pages\/29","targetHints":{"allow":["GET"]}}],"collection":[{"href":"https:\/\/bn-nails.ch\/index.php?rest_route=\/wp\/v2\/pages"}],"about":[{"href":"https:\/\/bn-nails.ch\/index.php?rest_route=\/wp\/v2\/types\/page"}],"author":[{"embeddable":true,"href":"https:\/\/bn-nails.ch\/index.php?rest_route=\/wp\/v2\/users\/1"}],"replies":[{"embeddable":true,"href":"https:\/\/bn-nails.ch\/index.php?rest_route=%2Fwp%2Fv2%2Fcomments&post=29"}],"version-history":[{"count":4,"href":"https:\/\/bn-nails.ch\/index.php?rest_route=\/wp\/v2\/pages\/29\/revisions"}],"predecessor-version":[{"id":814,"href":"https:\/\/bn-nails.ch\/index.php?rest_route=\/wp\/v2\/pages\/29\/revisions\/814"}],"wp:attachment":[{"href":"https:\/\/bn-nails.ch\/index.php?rest_route=%2Fwp%2Fv2%2Fmedia&parent=29"}],"curies":[{"name":"wp","href":"https:\/\/api.w.org\/{rel}","templated":true}]}}